{"id":86,"date":"2014-08-27T13:23:44","date_gmt":"2014-08-27T11:23:44","guid":{"rendered":"http:\/\/strokeforening.se\/?page_id=86"},"modified":"2014-08-27T13:23:44","modified_gmt":"2014-08-27T11:23:44","slug":"lankar","status":"publish","type":"page","link":"https:\/\/strokeforening.se\/?page_id=86","title":{"rendered":"L\u00e4nkar"},"content":{"rendered":"<h1 class=\"pagetitle\">L\u00e4nkar<\/h1>\n<div class=\"textcontent\">\n<h3>Svenska l\u00e4nkar<\/h3>\n<p>Stroke Riksf\u00f6rbund \u2013 <a title=\"Stroke Riksf\u00f6rbund\" href=\"http:\/\/www.strokeforbundet.org\/index.asp\" target=\"_blank\">http:\/\/www.strokeforbundet.org\/index.asp<\/a><\/p>\n<p>Strokef\u00f6reningen FyrBoDal \u2013 <a title=\"Strokef\u00f6reningen FyrBoDal\" href=\"http:\/\/www.strokeforbundet.org\/fyrbodal\/\" target=\"_blank\">http:\/\/www.strokeforbundet.org\/fyrbodal\/<\/a><\/p>\n<p>G\u00e4vle Strokef\u00f6rening \u2013 <a title=\"G\u00e4vle Strokef\u00f6rening\" href=\"http:\/\/www.strokeforbundet.se\/gavle\/\" target=\"_blank\">http:\/\/www.strokeforbundet.se\/gavle\/<\/a><\/p>\n<p>Strokef\u00f6reningen Enk\u00f6ping\/H\u00e5bo \u2013 <a title=\"Strokef\u00f6reningen Enk\u00f6ping\/H\u00e5bo\" href=\"http:\/\/www.strokeforbundet.org\/enkoping-habo\/\" target=\"_blank\">http:\/\/www.strokeforbundet.org\/enkoping-habo\/<\/a><\/p>\n<p>Stroke-L\u00e4nsf\u00f6reningen Uppsala \u2013 <a title=\"Stroke-L\u00e4nsf\u00f6reningen Uppsala\" href=\"http:\/\/hem.bredband.net\/b115113\/\" target=\"_blank\">http:\/\/hem.bredband.net\/b115113\/<\/a><\/p>\n<p>Strokef\u00f6reningen i Link\u00f6ping med omnejd \u2013 <a title=\"Strokef\u00f6reningen i Link\u00f6ping med omnejd\" href=\"http:\/\/www.strokeforbundet.org\/linkoping\/\" target=\"_blank\">http:\/\/www.strokeforbundet.org\/linkoping\/<\/a><\/p>\n<p>Strokef\u00f6reningen i Norrk\u00f6ping med omnejd \u2013 <a title=\"Strokef\u00f6reningen i Norrk\u00f6ping med omnejd\" href=\"http:\/\/www.strokevmd.se\/\" target=\"_blank\">http:\/\/www.strokeforbundet.org\/norrkoping\/<\/a><\/p>\n<p>Strokef\u00f6reningen i Motala och Mj\u00f6lby med omnejd \u2013 <a title=\"Strokef\u00f6reningen i Motala och Mj\u00f6lby med omnejd\" href=\"http:\/\/www.strokeforbundet.org\/motala\/\" target=\"_blank\">http:\/\/www.strokeforbundet.org\/motala\/<\/a><\/p>\n<p>Strokef\u00f6reningen i \u00d6sterg\u00f6tlands L\u00e4n \u2013 <a title=\"Strokef\u00f6reningen i \u00d6sterg\u00f6tlands L\u00e4n\" href=\"http:\/\/www.strokeforbundet.org\/ostergotland\/\" target=\"_blank\">http:\/\/www.strokeforbundet.org\/ostergotland\/<\/a><\/p>\n<p>Strokef\u00f6reningen Sala-Heby \u2013 <a title=\"Strokef\u00f6reningen Sala-Heby\" href=\"http:\/\/web.telia.com\/%7Eu22408622\/\" target=\"_blank\">http:\/\/web.telia.com\/~u22408622\/<\/a><\/p>\n<p>Strokef\u00f6reningen Stockholms l\u00e4n \u2013 <a title=\"Strokef\u00f6reningen Stockholms l\u00e4n\" href=\"http:\/\/www.strokestockholm.nu\/\" target=\"_blank\">http:\/\/www.strokestockholm.nu\/<\/a><\/p>\n<p>Strokef\u00f6reningen V\u00e4rend \u2013 <a title=\"Strokef\u00f6reningen V\u00e4rend\" href=\"http:\/\/www.strokeforbundet.org\/varend\/\" target=\"_blank\">http:\/\/www.strokeforbundet.org\/varend\/<\/a><\/p>\n<p>Stroke V\u00e4stra M\u00e4lardalen \u2013 <a href=\"http:\/\/www.strokevmd.se\/\" target=\"_blank\">http:\/\/www.strokevmd.se\/<\/a><\/p>\n<p>Strokef\u00f6reningen \u00d6resund \u2013 <a title=\"Strokef\u00f6reningen \u00d6resund\" href=\"http:\/\/www.strokeforbundet.org\/oresund\/\" target=\"_blank\">http:\/\/www.strokeforbundet.org\/oresund\/<\/a><\/p>\n<p>\u00d6stra V\u00e4rmlands Strokef\u00f6rening \u2013 <a title=\"\u00d6stra V\u00e4rmlands Strokef\u00f6rening\" href=\"http:\/\/www.strokeforbundet.org\/varmland\/\" target=\"_blank\">http:\/\/www.strokeforbundet.org\/varmland\/<\/a><\/p>\n<p>Strokef\u00f6reningen Ystad med omnejd \u2013 <a title=\"Strokef\u00f6reningen Ystad med omnejd\" href=\"http:\/\/hem.passagen.se\/strokeforeningen\/\" target=\"_blank\">http:\/\/hem.passagen.se\/strokeforeningen\/<\/a><\/p>\n<p>Gotlands L\u00e4ns Strokef\u00f6rening \u2013 <a title=\"Gotlands L\u00e4ns Strokef\u00f6rening\" href=\"http:\/\/www.strokeforbundet.org\/gotland\/\" target=\"_blank\">http:\/\/www.strokeforbundet.org\/gotland\/<\/a><\/p>\n<p>Wikipedia \u2013 <a title=\"Wikipedia - Stroke\" href=\"http:\/\/sv.wikipedia.org\/wiki\/Stroke\" target=\"_blank\">http:\/\/sv.wikipedia.org\/wiki\/Stroke<\/a><\/p>\n<p>En webbplats om och kring stroke \u2013 <a title=\"En webbplats om och kring stroke\" href=\"http:\/\/www.stroke.nu\/\" target=\"_blank\">http:\/\/www.stroke.nu\/<\/a><\/p>\n<p>Netdoktor \u2013 <a title=\"Netdoktor\" href=\"http:\/\/netdoktor.passagen.se\/default.ns?lngItemID=3783\" target=\"_blank\">http:\/\/netdoktor.passagen.se\/default.ns?lngItemID=3783<\/a><\/p>\n<p>Internet medicin.se \u2013 <a title=\"Internet medicin.se\" href=\"http:\/\/www.internetmedicin.se\/dyn_main.asp?page=323\" target=\"_blank\">http:\/\/www.internetmedicin.se\/dyn_main.asp?page=323<\/a><\/p>\n<p>Sjukv\u00e5rdr\u00e5dgivning \u2013 <a title=\"Sjukv\u00e5rdr\u00e5dgivning\" href=\"http:\/\/www.sjukvardsradgivningen.se\/artikel.asp?CategoryID=19927\" target=\"_blank\">http:\/\/www.sjukvardsradgivningen.se\/artikel.asp?CategoryID=19927<\/a><\/p>\n<p>Unga med stroke beh\u00f6ver ny behandling \u2013 <a title=\"Unga med stroke beh\u00f6ver ny behandling\" href=\"http:\/\/fof.se\/?id=06408b\" target=\"_blank\">http:\/\/fof.se\/?id=06408b<\/a><\/p>\n<p>Olika orsaker bakom stroke hos yngre och \u00e4ldre \u2013 <a title=\"Olika orsaker bakom stroke hos yngre och \u00e4ldre\" href=\"http:\/\/www.forskning.se\/pressmeddelanden\/pressmeddelanden\/strokehosyngreolikakonsekvenserhosmanochkvinnor.5.57755f9a11ef1b9bbf18000374.html\" target=\"_blank\">http:\/\/www.forskning.se\/<\/a><\/p>\n<p>Skellefte\u00e5 kommun \u2013 <a title=\"Skellefte\u00e5 kommun\" href=\"http:\/\/www.skelleftea.se\/\" target=\"_blank\">http:\/\/www.skelleftea.se<\/a><\/p>\n<p>Skellefte\u00e5 kommuns f\u00f6reningsregister \u2013 <a title=\"Skellefte\u00e5 kommuns f\u00f6reningsregister\" href=\"http:\/\/www.skelleftea.se\/default.aspx?id=2776&amp;ptid=0\" target=\"_blank\">http:\/\/www.skelleftea.se\/<\/a><\/p>\n<hr \/>\n<h3>Internationella l\u00e4nkar<\/h3>\n<p>XVII. European Stroke Conference, Nice, France, 13 \u2013 16 May 2008 \u2013 <a title=\"XVII. European Stroke Conference\" href=\"http:\/\/www.eurostroke.org\/\" target=\"_blank\">http:\/\/www.eurostroke.org\/<\/a><\/p>\n<p>American Stroke Association \u2013 <a title=\"American Stroke Association\" href=\"http:\/\/www.strokeassociation.org\/\" target=\"_blank\">http:\/\/www.strokeassociation.org\/<\/a><\/p>\n<p>BBC Health \u2013 <a title=\"BBC Health\" href=\"http:\/\/www.bbc.co.uk\/health\/conditions\/stroke\/\" target=\"_blank\">http:\/\/www.bbc.co.uk\/health\/conditions\/stroke\/<\/a><\/p>\n<p>Canadian Stroke Networknadian Stroke Network \u2013 <a title=\"Canadian Stroke Networknadian Stroke Network\" href=\"http:\/\/www.canadianstrokenetwork.ca\/\" target=\"_blank\">http:\/\/www.canadianstrokenetwork.ca\/<\/a><\/p>\n<p>Hjernesagen \u2013 <a title=\"Hjernesagen\" href=\"http:\/\/www.hjernesagen.dk\/\" target=\"_blank\">http:\/\/www.hjernesagen.dk\/<\/a><\/p>\n<p>Hjerneslag \u2013 <a title=\"Hjerneslag\" href=\"http:\/\/www.hjerneslag.org\/\" target=\"_blank\">http:\/\/www.hjerneslag.org\/<\/a><\/p>\n<p>Nationall Stroke Foundation, Australia \u2013 <a title=\"Nationall Stroke Foundation, Australia\" href=\"http:\/\/www.strokefoundation.com.au\/\" target=\"_blank\">http:\/\/www.strokefoundation.com.au\/<\/a><\/p>\n<p>NINDS, National Institute of Neorogical Discorders and Stroke \u2013 <a title=\"NINDS, National Institute of Neorogical Discorders and Stroke\" href=\"http:\/\/www.ninds.nih.gov\/disorders\/stroke\/stroke.htm\" target=\"_blank\">http:\/\/www.ninds.nih.gov\/disorders\/stroke\/stroke.htm<\/a><\/p>\n<p>NSA, National Stroke Association \u2013 <a title=\"NSA, National Stroke Association\" href=\"http:\/\/www.stroke.org\/\" target=\"_blank\">http:\/\/www.stroke.org\/<\/a><\/p>\n<p>MedlinePlus \u2013 <a title=\"MedlinePlus\" href=\"http:\/\/www.nlm.nih.gov\/medlineplus\/stroke.html\" target=\"_blank\">http:\/\/www.nlm.nih.gov\/medlineplus\/stroke.html<\/a><\/p>\n<p>SAFE, Stroke Alliance For Europ\u00e9 \u2013 <a title=\"SAFE, Stroke Alliance For Europ\u00e9\" href=\"http:\/\/www.safestroke.org\/\" target=\"_blank\">http:\/\/www.safestroke.org\/<\/a><\/p>\n<p>Stroke och Dysfagif\u00f6rbundet \u2013 <a title=\"Stroke och Dysfagif\u00f6rbundet\" href=\"http:\/\/www.stroke.fi\/\" target=\"_blank\">http:\/\/www.stroke.fi\/<\/a><\/p>\n<p>The Sttroke Association UK \u2013 <a title=\"The Sttroke Association UK\" href=\"http:\/\/www.stroke.org.uk\/\" target=\"_blank\">http:\/\/www.stroke.org.uk\/<\/a><\/p>\n<p>WomensHealth.gov \u2013 <a title=\"WomensHealth.gov\" href=\"http:\/\/www.4woman.gov\/FAQ\/stroke.htm\" target=\"_blank\">http:\/\/www.4woman.gov\/FAQ\/stroke.htm<\/a><\/p>\n<\/div>\n","protected":false},"excerpt":{"rendered":"<p>L\u00e4nkar Svenska l\u00e4nkar Stroke Riksf\u00f6rbund \u2013 http:\/\/www.strokeforbundet.org\/index.asp Strokef\u00f6reningen FyrBoDal \u2013 http:\/\/www.strokeforbundet.org\/fyrbodal\/ G\u00e4vle Strokef\u00f6rening \u2013 http:\/\/www.strokeforbundet.se\/gavle\/ Strokef\u00f6reningen Enk\u00f6ping\/H\u00e5bo \u2013 http:\/\/www.strokeforbundet.org\/enkoping-habo\/ Stroke-L\u00e4nsf\u00f6reningen Uppsala \u2013 http:\/\/hem.bredband.net\/b115113\/ Strokef\u00f6reningen i Link\u00f6ping med omnejd \u2013 http:\/\/www.strokeforbundet.org\/linkoping\/ Strokef\u00f6reningen i Norrk\u00f6ping med omnejd \u2013 http:\/\/www.strokeforbundet.org\/norrkoping\/ Strokef\u00f6reningen i Motala och Mj\u00f6lby med omnejd \u2013 http:\/\/www.strokeforbundet.org\/motala\/ Strokef\u00f6reningen i \u00d6sterg\u00f6tlands L\u00e4n \u2013 http:\/\/www.strokeforbundet.org\/ostergotland\/ Strokef\u00f6reningen Sala-Heby \u2013 [&hellip;]<\/p>\n","protected":false},"author":1,"featured_media":0,"parent":0,"menu_order":9,"comment_status":"closed","ping_status":"open","template":"","meta":[],"_links":{"self":[{"href":"https:\/\/strokeforening.se\/index.php?rest_route=\/wp\/v2\/pages\/86"}],"collection":[{"href":"https:\/\/strokeforening.se\/index.php?rest_route=\/wp\/v2\/pages"}],"about":[{"href":"https:\/\/strokeforening.se\/index.php?rest_route=\/wp\/v2\/types\/page"}],"author":[{"embeddable":true,"href":"https:\/\/strokeforening.se\/index.php?rest_route=\/wp\/v2\/users\/1"}],"replies":[{"embeddable":true,"href":"https:\/\/strokeforening.se\/index.php?rest_route=%2Fwp%2Fv2%2Fcomments&post=86"}],"version-history":[{"count":1,"href":"https:\/\/strokeforening.se\/index.php?rest_route=\/wp\/v2\/pages\/86\/revisions"}],"predecessor-version":[{"id":87,"href":"https:\/\/strokeforening.se\/index.php?rest_route=\/wp\/v2\/pages\/86\/revisions\/87"}],"wp:attachment":[{"href":"https:\/\/strokeforening.se\/index.php?rest_route=%2Fwp%2Fv2%2Fmedia&parent=86"}],"curies":[{"name":"wp","href":"https:\/\/api.w.org\/{rel}","templated":true}]}}