{"id":72,"date":"2014-08-27T13:19:17","date_gmt":"2014-08-27T11:19:17","guid":{"rendered":"http:\/\/strokeforening.se\/?page_id=72"},"modified":"2020-01-22T11:03:04","modified_gmt":"2020-01-22T10:03:04","slug":"gava","status":"publish","type":"page","link":"https:\/\/strokeforening.se\/?page_id=72","title":{"rendered":"G\u00e5va"},"content":{"rendered":"<h1 class=\"pagetitle\">G\u00e5va<\/h1>\n<p>Var 17:e minut f\u00e5r n\u00e5gon i Sverige stroke. Stroke \u00e4r en av v\u00e5ra st\u00f6rsta folksjukdomar. Hj\u00e4lp oss att st\u00f6dja strokeforskningen och sprida kunskap om stroke, s\u00e5 att f\u00e4rre insjuknar i framtiden.<\/p>\n<p>Hur g\u00f6r man om man vill sk\u00e4nka pengar?<\/p>\n<hr \/>\n<h3>Du kan s\u00e4tta in pengar direkt<\/h3>\n<p>p\u00e5 v\u00e5rt plusgirokonto 33 68 92-5. Det \u00e4r viktigt att p\u00e5 inbetalningskortet uppge namn och adress p\u00e5 avs\u00e4ndaren samt till vem (namn och adress) vi ska skicka gratulationskortet\/minnesbladet \/tackkortet. TEXTA TYDLIGT!<\/p>\n<hr \/>\n<h3>Du kan fylla i v\u00e5ra interaktiva formul\u00e4r och skicka in dem via webben<\/h3>\n<p>genom att klicka p\u00e5 n\u00e5gon av\u00a0rubrikerna i menyn ovan \u2013 Minnesg\u00e5va, H\u00f6gtidsg\u00e5va, \u00d6vrig g\u00e5va eller Testamente. Fyll i alla uppgifter. Genom att kryssa i att du betalar via Internet eller med ett eget inbetalningskort hj\u00e4lper du oss att h\u00e5lla kostnaderna nere. P\u00e5 s\u00e5 s\u00e4tt g\u00e5r st\u00f6rre andel av din g\u00e5va till r\u00e4tt \u00e4ndam\u00e5l.<\/p>\n<p>Exempel p\u00e5 g\u00e5votillf\u00e4llen \u00e4r h\u00f6gtidsdag, begravning, testamente. Det g\u00e5r sj\u00e4lvklart bra att skriva en personlig h\u00e4lsning.<\/p>\n<hr \/>\n<p><center><img decoding=\"async\" src=\"https:\/\/strokeforening.se\/bild\/blixt.jpg\" alt=\"\" \/><\/center><\/p>\n","protected":false},"excerpt":{"rendered":"<p>G\u00e5va Var 17:e minut f\u00e5r n\u00e5gon i Sverige stroke. Stroke \u00e4r en av v\u00e5ra st\u00f6rsta folksjukdomar. Hj\u00e4lp oss att st\u00f6dja strokeforskningen och sprida kunskap om stroke, s\u00e5 att f\u00e4rre insjuknar i framtiden. Hur g\u00f6r man om man vill sk\u00e4nka pengar? Du kan s\u00e4tta in pengar direkt p\u00e5 v\u00e5rt plusgirokonto 33 68 92-5. Det \u00e4r viktigt [&hellip;]<\/p>\n","protected":false},"author":1,"featured_media":0,"parent":0,"menu_order":6,"comment_status":"closed","ping_status":"open","template":"","meta":[],"_links":{"self":[{"href":"https:\/\/strokeforening.se\/index.php?rest_route=\/wp\/v2\/pages\/72"}],"collection":[{"href":"https:\/\/strokeforening.se\/index.php?rest_route=\/wp\/v2\/pages"}],"about":[{"href":"https:\/\/strokeforening.se\/index.php?rest_route=\/wp\/v2\/types\/page"}],"author":[{"embeddable":true,"href":"https:\/\/strokeforening.se\/index.php?rest_route=\/wp\/v2\/users\/1"}],"replies":[{"embeddable":true,"href":"https:\/\/strokeforening.se\/index.php?rest_route=%2Fwp%2Fv2%2Fcomments&post=72"}],"version-history":[{"count":5,"href":"https:\/\/strokeforening.se\/index.php?rest_route=\/wp\/v2\/pages\/72\/revisions"}],"predecessor-version":[{"id":304,"href":"https:\/\/strokeforening.se\/index.php?rest_route=\/wp\/v2\/pages\/72\/revisions\/304"}],"wp:attachment":[{"href":"https:\/\/strokeforening.se\/index.php?rest_route=%2Fwp%2Fv2%2Fmedia&parent=72"}],"curies":[{"name":"wp","href":"https:\/\/api.w.org\/{rel}","templated":true}]}}