{"id":66,"date":"2014-08-27T13:16:54","date_gmt":"2014-08-27T11:16:54","guid":{"rendered":"http:\/\/strokeforening.se\/?page_id=66"},"modified":"2025-06-17T10:52:35","modified_gmt":"2025-06-17T08:52:35","slug":"styrelsen","status":"publish","type":"page","link":"https:\/\/strokeforening.se\/?page_id=66","title":{"rendered":"Styrelsen"},"content":{"rendered":"<h1 class=\"pagetitle\">Styrelsen i Skellefte\u00e5 Strokef\u00f6rening<\/h1>\n<p><strong><a href=\"https:\/\/strokeforening.se\/wp-content\/uploads\/2025\/06\/Erland-D.jpg\"><img decoding=\"async\" loading=\"lazy\" class=\"alignleft wp-image-1169 \" src=\"https:\/\/strokeforening.se\/wp-content\/uploads\/2025\/06\/Erland-D-150x150.jpg\" alt=\"\" width=\"100\" height=\"100\" \/><\/a><\/strong><\/p>\n<p><strong><br \/>\nErland Dahlin,<br \/>\n<\/strong>Ordf\u00f6rande<br \/>\n(Anh\u00f6rig)<br \/>\nAdress: Norrstigen 5H, 931 56 Skellefte\u00e5<br \/>\nMobil: 073-030 36 22<br \/>\nE-post: eedahlin@gmail.com<\/p>\n<div class=\"textcontent\">\n<hr \/>\n<p><a href=\"https:\/\/strokeforening.se\/wp-content\/uploads\/2022\/05\/Soren_Astrom_Sekreterare.jpg\"><img decoding=\"async\" loading=\"lazy\" class=\"alignleft  wp-image-800\" src=\"https:\/\/strokeforening.se\/wp-content\/uploads\/2022\/05\/Soren_Astrom_Sekreterare-150x150.jpg\" alt=\"\" width=\"104\" height=\"110\" \/><\/a><\/p>\n<p><strong>S\u00f6ren \u00c5str\u00f6m, <\/strong><br \/>\nSekreterare<br \/>\n(Har haft stroke)<strong>\u00a0<\/strong><br \/>\nAdress: Markisgatan 8, 93732 Burtr\u00e4sk<br \/>\nMobil: 070-602 86 60<br \/>\nE-post: sippo95@gmail.com<\/p>\n<hr \/>\n<p><a href=\"https:\/\/strokeforening.se\/wp-content\/uploads\/2019\/10\/Camilla-Stenmark-e1571301362658.jpg\"><img decoding=\"async\" loading=\"lazy\" class=\"wp-image-276  alignleft\" src=\"https:\/\/strokeforening.se\/wp-content\/uploads\/2019\/10\/Camilla-Stenmark-e1571301214563-150x150.jpg\" alt=\"\" width=\"100\" height=\"100\" \/><\/a><\/p>\n<p style=\"text-align: left;\">\n<p><strong>Camilla Stenmark<\/strong>,<br \/>\nKass\u00f6r<br \/>\n(Har haft stroke)<br \/>\nAdress: Stackgatan 11 E, 931 50 Skellefte\u00e5<br \/>\nMobil: 070-696 35 99<br \/>\nE-post: camske57@gmail.com<\/p>\n<\/div>\n<hr \/>\n<p><strong><a href=\"https:\/\/strokeforening.se\/wp-content\/uploads\/2025\/06\/Tomas-L.jpg\"><img decoding=\"async\" loading=\"lazy\" class=\"alignleft wp-image-1170 \" src=\"https:\/\/strokeforening.se\/wp-content\/uploads\/2025\/06\/Tomas-L-150x150.jpg\" alt=\"\" width=\"99\" height=\"99\" \/><\/a><\/strong><\/p>\n<p><strong><br \/>\nTomas Lundstr\u00f6m<\/strong>,<br \/>\nLedamot,<br \/>\n(Har haft stroke)<br \/>\nAdress: Annastigen 49, 931 70 Skellefte\u00e5<br \/>\nMobil: 070-549 15 90<br \/>\nE-post: lunde49@hotmail.com<\/p>\n<hr \/>\n<div class=\"textcontent\"><img decoding=\"async\" loading=\"lazy\" class=\"alignleft\" src=\"https:\/\/strokeforening.se\/wp-content\/uploads\/2020\/09\/Gunnar-Holmqvist-2020.2.jpg\" width=\"83\" height=\"171\" \/><\/div>\n<div><\/div>\n<div class=\"textcontent\">\n<p><strong>Gunnar Holmqvist,<\/strong><br \/>\nVice ordf\u00f6rande<br \/>\n(Har haft stroke)<br \/>\nAdress: Str\u00f6ms\u00f6rgatan 12 A,\u00a0931 34 Skellefte\u00e5<br \/>\nMobil: 0707-23 10 41<br \/>\nE-post: s.gunnar.g.holmqvist@gmail.com<\/p>\n<\/div>\n<hr \/>\n<div><\/div>\n<div><\/div>\n<div class=\"textcontent\"><strong><a href=\"https:\/\/strokeforening.se\/wp-content\/uploads\/2025\/06\/Elisabet-W.jpg\"><img decoding=\"async\" loading=\"lazy\" class=\"alignleft wp-image-1171 \" src=\"https:\/\/strokeforening.se\/wp-content\/uploads\/2025\/06\/Elisabet-W-150x150.jpg\" alt=\"\" width=\"107\" height=\"107\" \/><\/a><br \/>\n<\/strong><\/div>\n<div><\/div>\n<div><\/div>\n<div><\/div>\n<div><\/div>\n<div><\/div>\n<div><\/div>\n<div><\/div>\n<div class=\"textcontent\"><strong>Elisabet Wahlberg,<br \/>\nErs\u00e4ttare<\/strong><br \/>\n(Anh\u00f6rig)<br \/>\nAdress: Aldergatan 17, 931 35 Skellefte\u00e5<br \/>\nMobil: 070-231 42 97<br \/>\nE-post: wahlberg.elisabet@gmail.com<\/p>\n<hr \/>\n<p style=\"text-align: left;\">Valberedning (Sammankallande)<br \/>\n(anh\u00f6rig \/har haft stroke)<br \/>\nAdress:<br \/>\nMobil:<br \/>\nE-post:<\/p>\n<hr \/>\n<p style=\"text-align: left;\">Valberedning<br \/>\n(anh\u00f6rig\/har haft stroke)<br \/>\nAdress:<br \/>\nMobil:<br \/>\nE-post:<\/p>\n<hr \/>\n<p style=\"text-align: left;\">Revisor<br \/>\n(Anh\u00f6rig\/har haft stroke)<br \/>\nAdress:<br \/>\nMobil:<br \/>\nE-post:<\/p>\n<hr \/>\n<p>Revisor<br \/>\n(anh\u00f6rig\/har haft stroke)<br \/>\nAdress:<br \/>\nMobil:<br \/>\nE-post:<\/p>\n<hr \/>\n<p>Sidan Uppdaterad\u00a0 2025-06-17<\/p>\n<\/div>\n","protected":false},"excerpt":{"rendered":"<p>Styrelsen i Skellefte\u00e5 Strokef\u00f6rening Erland Dahlin, Ordf\u00f6rande (Anh\u00f6rig) Adress: Norrstigen 5H, 931 56 Skellefte\u00e5 Mobil: 073-030 36 22 E-post: eedahlin@gmail.com S\u00f6ren \u00c5str\u00f6m, Sekreterare (Har haft stroke)\u00a0 Adress: Markisgatan 8, 93732 Burtr\u00e4sk Mobil: 070-602 86 60 E-post: sippo95@gmail.com Camilla Stenmark, Kass\u00f6r (Har haft stroke) Adress: Stackgatan 11 E, 931 50 Skellefte\u00e5 Mobil: 070-696 35 99 E-post: [&hellip;]<\/p>\n","protected":false},"author":1,"featured_media":0,"parent":0,"menu_order":3,"comment_status":"closed","ping_status":"open","template":"","meta":[],"_links":{"self":[{"href":"https:\/\/strokeforening.se\/index.php?rest_route=\/wp\/v2\/pages\/66"}],"collection":[{"href":"https:\/\/strokeforening.se\/index.php?rest_route=\/wp\/v2\/pages"}],"about":[{"href":"https:\/\/strokeforening.se\/index.php?rest_route=\/wp\/v2\/types\/page"}],"author":[{"embeddable":true,"href":"https:\/\/strokeforening.se\/index.php?rest_route=\/wp\/v2\/users\/1"}],"replies":[{"embeddable":true,"href":"https:\/\/strokeforening.se\/index.php?rest_route=%2Fwp%2Fv2%2Fcomments&post=66"}],"version-history":[{"count":67,"href":"https:\/\/strokeforening.se\/index.php?rest_route=\/wp\/v2\/pages\/66\/revisions"}],"predecessor-version":[{"id":1179,"href":"https:\/\/strokeforening.se\/index.php?rest_route=\/wp\/v2\/pages\/66\/revisions\/1179"}],"wp:attachment":[{"href":"https:\/\/strokeforening.se\/index.php?rest_route=%2Fwp%2Fv2%2Fmedia&parent=66"}],"curies":[{"name":"wp","href":"https:\/\/api.w.org\/{rel}","templated":true}]}}