{"id":62,"date":"2014-08-27T13:15:59","date_gmt":"2014-08-27T11:15:59","guid":{"rendered":"http:\/\/strokeforening.se\/?page_id=62"},"modified":"2025-06-17T10:56:59","modified_gmt":"2025-06-17T08:56:59","slug":"verksamhetsplan-2013","status":"publish","type":"page","link":"https:\/\/strokeforening.se\/?page_id=62","title":{"rendered":"Verksamhetsplan"},"content":{"rendered":"<h1 class=\"pagetitle\">Verksamhetsplan 2025<\/h1>\n<div class=\"textcontent\">\n<hr \/>\n<h3>Styrelsem\u00f6ten<\/h3>\n<p>Styrelsen tr\u00e4ffas ungef\u00e4r en g\u00e5ng i\u00a0 m\u00e5naden f\u00f6r att diskutera och fatta olika beslut inom f\u00f6reningen.<\/p>\n<hr \/>\n<h5><strong>H\u00e4r f\u00e5r du information om vad som h\u00e4nder i f\u00f6reningen under 2025<\/strong><\/h5>\n<h6><strong>\u201dL\u00e5t oss st\u00f6dja varandra\u201d\u00a0<\/strong><\/h6>\n<hr \/>\n<p><strong>V\u00e5ren<\/strong><br \/>\nBad m\u00e5ndagar 17.00\u201318.00 och 18.00\u201319.00 Bass\u00e4ngen Rehabcenter<\/p>\n<p>Styrketr\u00e4ning tisdagar 10.00\u201311.00\u00a0 och 14.00-15.00Handikappidrottens lokal i Idrottens Hus vid Norrvalla<\/p>\n<p>Boule onsdagar 10.00\u201312.00 Sjungande Dalens IP<\/p>\n<p>Caf\u00e9tr\u00e4ffar F\u00f6rsta torsdagen varje m\u00e5nad kl.14.00 p\u00e5 Stora Coop S\u00f6rb\u00f6le<\/p>\n<ul>\n<li>16 februari Medlemsm\u00f6te kl.14.00 Nordlandergatan 5<\/li>\n<li>23 mars \u00c5rsm\u00f6te kl.14.00 Odd Fellow lokalen Nordlandergatan 5<\/li>\n<li>27 april Medlemsm\u00f6te kl. 14.00 Nordlandergatan 5<\/li>\n<li>Maj V\u00e5rlunch, Aurum.<\/li>\n<\/ul>\n<p><strong>H\u00f6sten<\/strong><br \/>\nBad m\u00e5ndagar 17.00\u201318.00 och 18.00\u201319.00 Bass\u00e4ngen Rehabcenter<\/p>\n<p>Styrketr\u00e4ning tisdagar 10.00\u201311.00\u00a0 och 14.00- 15.00 Handikappidrottens lokal i Idrottens Hus Vid Norrvalla<\/p>\n<p>Boule onsdagar 10.00\u201312.00 Sjungande Dalens IP<\/p>\n<p>Caf\u00e9tr\u00e4ffar f\u00f6rsta torsdagen varje m\u00e5nad kl. 14.00 Stora Coop S\u00f6rb\u00f6le<\/p>\n<ul>\n<li>\u00a0September Surstr\u00f6mmingsfest, tid och plats meddelas senare.<\/li>\n<li>\u00a019 oktober medlemsm\u00f6te. Underh\u00e5llning\/f\u00f6rel\u00e4sare, tid och plats meddelas senare.<\/li>\n<\/ul>\n<p><strong>Vintern<\/strong><\/p>\n<ul>\n<li>5 december Julfesten med julbord kl. 15.30<\/li>\n<\/ul>\n<hr \/>\n<p>F\u00f6r mer information eller synpunkter kring verksamhetsplanen ring Camilla Stenmark, tfn. 070-696 35 99<\/p>\n<p><a href=\"https:\/\/strokeforening.se\/wp-content\/uploads\/2020\/11\/verksamhetsplan-2021.pdf\">Verksamhetsplan 2021<\/a><\/p>\n<\/div>\n","protected":false},"excerpt":{"rendered":"<p>Verksamhetsplan 2025 Styrelsem\u00f6ten Styrelsen tr\u00e4ffas ungef\u00e4r en g\u00e5ng i\u00a0 m\u00e5naden f\u00f6r att diskutera och fatta olika beslut inom f\u00f6reningen. H\u00e4r f\u00e5r du information om vad som h\u00e4nder i f\u00f6reningen under 2025 \u201dL\u00e5t oss st\u00f6dja varandra\u201d\u00a0 V\u00e5ren Bad m\u00e5ndagar 17.00\u201318.00 och 18.00\u201319.00 Bass\u00e4ngen Rehabcenter Styrketr\u00e4ning tisdagar 10.00\u201311.00\u00a0 och 14.00-15.00Handikappidrottens lokal i Idrottens Hus vid Norrvalla Boule [&hellip;]<\/p>\n","protected":false},"author":1,"featured_media":0,"parent":0,"menu_order":1,"comment_status":"closed","ping_status":"open","template":"","meta":[],"_links":{"self":[{"href":"https:\/\/strokeforening.se\/index.php?rest_route=\/wp\/v2\/pages\/62"}],"collection":[{"href":"https:\/\/strokeforening.se\/index.php?rest_route=\/wp\/v2\/pages"}],"about":[{"href":"https:\/\/strokeforening.se\/index.php?rest_route=\/wp\/v2\/types\/page"}],"author":[{"embeddable":true,"href":"https:\/\/strokeforening.se\/index.php?rest_route=\/wp\/v2\/users\/1"}],"replies":[{"embeddable":true,"href":"https:\/\/strokeforening.se\/index.php?rest_route=%2Fwp%2Fv2%2Fcomments&post=62"}],"version-history":[{"count":17,"href":"https:\/\/strokeforening.se\/index.php?rest_route=\/wp\/v2\/pages\/62\/revisions"}],"predecessor-version":[{"id":1180,"href":"https:\/\/strokeforening.se\/index.php?rest_route=\/wp\/v2\/pages\/62\/revisions\/1180"}],"wp:attachment":[{"href":"https:\/\/strokeforening.se\/index.php?rest_route=%2Fwp%2Fv2%2Fmedia&parent=62"}],"curies":[{"name":"wp","href":"https:\/\/api.w.org\/{rel}","templated":true}]}}