{"id":16,"date":"2014-08-27T12:56:13","date_gmt":"2014-08-27T10:56:13","guid":{"rendered":"http:\/\/strokeforening.se\/?page_id=16"},"modified":"2014-08-27T13:09:44","modified_gmt":"2014-08-27T11:09:44","slug":"alkohol","status":"publish","type":"page","link":"https:\/\/strokeforening.se\/?page_id=16","title":{"rendered":"Alkohol"},"content":{"rendered":"<div class=\"textcontent\">\n<h1 class=\"pagetitle\">Alkohol<\/h1>\n<p>Alkohol \u00e4r en riskfaktor f\u00f6r att f\u00e5 hj\u00e4rnbl\u00f6dning. Detta g\u00e4ller fr\u00e4mst vid akut \u00f6verkonsumtion, det vill s\u00e4ga n\u00e4r vi dricker oss berusade.<\/p>\n<p>L\u00e5ngvarigt missbruk av alkohol \u00e4r ocks\u00e5 en riskfaktor f\u00f6r s\u00e5v\u00e4l bl\u00f6dning som hj\u00e4rninfarkt.<\/p>\n<p>Viktigt \u00e4r ocks\u00e5 att komma ih\u00e5g att alkohol har en blodtrycksh\u00f6jande effekt \u00e4ven vid m\u00e5ttlig konsumtion. Alkohol inneh\u00e5ller ocks\u00e5 en hel del kalorier vilket i sin tur kan ge \u00f6kad vikt och \u00f6kade kolesterolv\u00e4rden.<\/p>\n<\/div>\n","protected":false},"excerpt":{"rendered":"<p>Alkohol Alkohol \u00e4r en riskfaktor f\u00f6r att f\u00e5 hj\u00e4rnbl\u00f6dning. Detta g\u00e4ller fr\u00e4mst vid akut \u00f6verkonsumtion, det vill s\u00e4ga n\u00e4r vi dricker oss berusade. L\u00e5ngvarigt missbruk av alkohol \u00e4r ocks\u00e5 en riskfaktor f\u00f6r s\u00e5v\u00e4l bl\u00f6dning som hj\u00e4rninfarkt. Viktigt \u00e4r ocks\u00e5 att komma ih\u00e5g att alkohol har en blodtrycksh\u00f6jande effekt \u00e4ven vid m\u00e5ttlig konsumtion. Alkohol inneh\u00e5ller ocks\u00e5 [&hellip;]<\/p>\n","protected":false},"author":1,"featured_media":0,"parent":14,"menu_order":1,"comment_status":"closed","ping_status":"open","template":"","meta":[],"_links":{"self":[{"href":"https:\/\/strokeforening.se\/index.php?rest_route=\/wp\/v2\/pages\/16"}],"collection":[{"href":"https:\/\/strokeforening.se\/index.php?rest_route=\/wp\/v2\/pages"}],"about":[{"href":"https:\/\/strokeforening.se\/index.php?rest_route=\/wp\/v2\/types\/page"}],"author":[{"embeddable":true,"href":"https:\/\/strokeforening.se\/index.php?rest_route=\/wp\/v2\/users\/1"}],"replies":[{"embeddable":true,"href":"https:\/\/strokeforening.se\/index.php?rest_route=%2Fwp%2Fv2%2Fcomments&post=16"}],"version-history":[{"count":2,"href":"https:\/\/strokeforening.se\/index.php?rest_route=\/wp\/v2\/pages\/16\/revisions"}],"predecessor-version":[{"id":48,"href":"https:\/\/strokeforening.se\/index.php?rest_route=\/wp\/v2\/pages\/16\/revisions\/48"}],"up":[{"embeddable":true,"href":"https:\/\/strokeforening.se\/index.php?rest_route=\/wp\/v2\/pages\/14"}],"wp:attachment":[{"href":"https:\/\/strokeforening.se\/index.php?rest_route=%2Fwp%2Fv2%2Fmedia&parent=16"}],"curies":[{"name":"wp","href":"https:\/\/api.w.org\/{rel}","templated":true}]}}